{"id":15941,"date":"2020-05-29T09:33:12","date_gmt":"2020-05-29T09:33:12","guid":{"rendered":"https:\/\/dev.lelo.com\/es\/blog\/?page_id=15941"},"modified":"2020-05-29T09:33:12","modified_gmt":"2020-05-29T09:33:12","slug":"newsletter","status":"publish","type":"page","link":"https:\/\/www.lelo.com\/es\/blog\/newsletter\/","title":{"rendered":"Newsletter"},"content":{"rendered":"<div>Suscr\u00edbete a Volont\u00e9 y recibe gratuitamente la Newsletter del mejor blog er\u00f3tico en espa\u00f1ol.<\/div>\n<p><\/p>\n<div>Cada semana, te enviaremos lo \u00faltimo en nuestras secciones de Relatos er\u00f3ticos, Posturas sexuales, Sexo, Amor y Juguetes er\u00f3ticos.<\/div>\n<div><\/div>\n<div><script>(function() {\n\twindow.mc4wp = window.mc4wp || {\n\t\tlisteners: [],\n\t\tforms: {\n\t\t\ton: function(evt, cb) {\n\t\t\t\twindow.mc4wp.listeners.push(\n\t\t\t\t\t{\n\t\t\t\t\t\tevent   : evt,\n\t\t\t\t\t\tcallback: cb\n\t\t\t\t\t}\n\t\t\t\t);\n\t\t\t}\n\t\t}\n\t}\n})();\n<\/script><!-- Mailchimp for WordPress v4.10.2 - https:\/\/wordpress.org\/plugins\/mailchimp-for-wp\/ --><form id=\"mc4wp-form-1\" class=\"mc4wp-form mc4wp-form-4429 mc4wp-form-basic\" method=\"post\" data-id=\"4429\" data-name=\"Default sign-up form\" ><div class=\"mc4wp-form-fields\"><p>\r\n<label>Tu nombre (o apodo)<\/label>\r\n<input type=\"text\" name=\"FNAME\">\r\n<\/p>\r\n<p>\r\n<label for=\"mc4wp_email\">Correo electr\u00f3nico<\/label>\r\n<input type=\"email\" id=\"mc4wp_email\" name=\"EMAIL\" required \/>\r\n<\/p>\r\n<p class=\"text-center\">\r\n<input type=\"submit\" class=\"btn-black\" value=\"SUSCR\u00cdBEME\" \/>\r\n<\/p><\/div><label style=\"display: none !important;\">Deja vac\u00edo este campo si eres humano: <input type=\"text\" name=\"_mc4wp_honeypot\" value=\"\" tabindex=\"-1\" autocomplete=\"off\" \/><\/label><input type=\"hidden\" name=\"_mc4wp_timestamp\" value=\"1775452555\" \/><input type=\"hidden\" name=\"_mc4wp_form_id\" value=\"4429\" \/><input type=\"hidden\" name=\"_mc4wp_form_element_id\" value=\"mc4wp-form-1\" \/><div class=\"mc4wp-response\"><\/div><\/form><!-- \/ Mailchimp for WordPress Plugin --><\/div>\n","protected":false},"excerpt":{"rendered":"<p>Suscr\u00edbete a Volont\u00e9 y recibe gratuitamente la Newsletter del mejor blog er\u00f3tico en espa\u00f1ol. Cada semana, te enviaremos lo \u00faltimo en nuestras secciones de Relatos er\u00f3ticos, Posturas sexuales, Sexo, Amor y Juguetes er\u00f3ticos.<\/p>\n","protected":false},"author":52,"featured_media":0,"parent":0,"menu_order":0,"comment_status":"closed","ping_status":"closed","template":"","meta":{"_acf_changed":false,"footnotes":""},"coauthors":[],"class_list":["post-15941","page","type-page","status-publish","hentry"],"acf":[],"yoast_head":"<!-- This site is optimized with the Yoast SEO plugin v24.8.1 - https:\/\/yoast.com\/wordpress\/plugins\/seo\/ -->\n<title>Newsletter - Volont\u00e9<\/title>\n<meta name=\"robots\" content=\"index, follow, max-snippet:-1, max-image-preview:large, max-video-preview:-1\" \/>\n<link rel=\"canonical\" href=\"https:\/\/www.lelo.com\/es\/blog\/newsletter\/\" \/>\n<meta property=\"og:locale\" content=\"es_ES\" \/>\n<meta property=\"og:type\" content=\"article\" \/>\n<meta property=\"og:title\" content=\"Newsletter - Volont\u00e9\" \/>\n<meta property=\"og:description\" content=\"Suscr\u00edbete a Volont\u00e9 y recibe gratuitamente la Newsletter del mejor blog er\u00f3tico en espa\u00f1ol. Cada semana, te enviaremos lo \u00faltimo en nuestras secciones de Relatos er\u00f3ticos, Posturas sexuales, Sexo, Amor y Juguetes er\u00f3ticos.\" \/>\n<meta property=\"og:url\" content=\"https:\/\/www.lelo.com\/es\/blog\/newsletter\/\" \/>\n<meta property=\"og:site_name\" content=\"Volont\u00e9\" \/>\n<meta property=\"article:publisher\" content=\"https:\/\/www.facebook.com\/LELO.lust.objectified\" \/>\n<meta name=\"twitter:card\" content=\"summary_large_image\" \/>\n<meta name=\"twitter:site\" content=\"@LELO_ES\" \/>\n<meta name=\"twitter:label1\" content=\"Written by\" \/>\n\t<meta name=\"twitter:data1\" content=\"Marko Holi\" \/>\n<script type=\"application\/ld+json\" class=\"yoast-schema-graph\">{\"@context\":\"https:\/\/schema.org\",\"@graph\":[{\"@type\":\"WebPage\",\"@id\":\"https:\/\/www.lelo.com\/es\/blog\/newsletter\/\",\"url\":\"https:\/\/www.lelo.com\/es\/blog\/newsletter\/\",\"name\":\"Newsletter - Volont\u00e9\",\"isPartOf\":{\"@id\":\"https:\/\/www.lelo.com\/es\/blog\/#website\"},\"datePublished\":\"2020-05-29T09:33:12+00:00\",\"inLanguage\":\"es\",\"potentialAction\":[{\"@type\":\"ReadAction\",\"target\":[\"https:\/\/www.lelo.com\/es\/blog\/newsletter\/\"]}]},{\"@type\":\"WebSite\",\"@id\":\"https:\/\/www.lelo.com\/es\/blog\/#website\",\"url\":\"https:\/\/www.lelo.com\/es\/blog\/\",\"name\":\"Volont\u00e9\",\"description\":\"Relatos er\u00f3ticos, juguetes er\u00f3ticos, Kamasutra, masturbaci\u00f3n, sexo oral, sexo anal, amor, pel\u00edculas er\u00f3ticas y consejos sexuales\",\"potentialAction\":[{\"@type\":\"SearchAction\",\"target\":{\"@type\":\"EntryPoint\",\"urlTemplate\":\"https:\/\/www.lelo.com\/es\/blog\/?s={search_term_string}\"},\"query-input\":{\"@type\":\"PropertyValueSpecification\",\"valueRequired\":true,\"valueName\":\"search_term_string\"}}],\"inLanguage\":\"es\"}]}<\/script>\n<!-- \/ Yoast SEO plugin. -->","yoast_head_json":{"title":"Newsletter - Volont\u00e9","robots":{"index":"index","follow":"follow","max-snippet":"max-snippet:-1","max-image-preview":"max-image-preview:large","max-video-preview":"max-video-preview:-1"},"canonical":"https:\/\/www.lelo.com\/es\/blog\/newsletter\/","og_locale":"es_ES","og_type":"article","og_title":"Newsletter - Volont\u00e9","og_description":"Suscr\u00edbete a Volont\u00e9 y recibe gratuitamente la Newsletter del mejor blog er\u00f3tico en espa\u00f1ol. Cada semana, te enviaremos lo \u00faltimo en nuestras secciones de Relatos er\u00f3ticos, Posturas sexuales, Sexo, Amor y Juguetes er\u00f3ticos.","og_url":"https:\/\/www.lelo.com\/es\/blog\/newsletter\/","og_site_name":"Volont\u00e9","article_publisher":"https:\/\/www.facebook.com\/LELO.lust.objectified","twitter_card":"summary_large_image","twitter_site":"@LELO_ES","twitter_misc":{"Written by":"Marko Holi"},"schema":{"@context":"https:\/\/schema.org","@graph":[{"@type":"WebPage","@id":"https:\/\/www.lelo.com\/es\/blog\/newsletter\/","url":"https:\/\/www.lelo.com\/es\/blog\/newsletter\/","name":"Newsletter - Volont\u00e9","isPartOf":{"@id":"https:\/\/www.lelo.com\/es\/blog\/#website"},"datePublished":"2020-05-29T09:33:12+00:00","inLanguage":"es","potentialAction":[{"@type":"ReadAction","target":["https:\/\/www.lelo.com\/es\/blog\/newsletter\/"]}]},{"@type":"WebSite","@id":"https:\/\/www.lelo.com\/es\/blog\/#website","url":"https:\/\/www.lelo.com\/es\/blog\/","name":"Volont\u00e9","description":"Relatos er\u00f3ticos, juguetes er\u00f3ticos, Kamasutra, masturbaci\u00f3n, sexo oral, sexo anal, amor, pel\u00edculas er\u00f3ticas y consejos sexuales","potentialAction":[{"@type":"SearchAction","target":{"@type":"EntryPoint","urlTemplate":"https:\/\/www.lelo.com\/es\/blog\/?s={search_term_string}"},"query-input":{"@type":"PropertyValueSpecification","valueRequired":true,"valueName":"search_term_string"}}],"inLanguage":"es"}]}},"_links":{"self":[{"href":"https:\/\/www.lelo.com\/es\/blog\/wp-json\/wp\/v2\/pages\/15941","targetHints":{"allow":["GET"]}}],"collection":[{"href":"https:\/\/www.lelo.com\/es\/blog\/wp-json\/wp\/v2\/pages"}],"about":[{"href":"https:\/\/www.lelo.com\/es\/blog\/wp-json\/wp\/v2\/types\/page"}],"author":[{"embeddable":true,"href":"https:\/\/www.lelo.com\/es\/blog\/wp-json\/wp\/v2\/users\/52"}],"replies":[{"embeddable":true,"href":"https:\/\/www.lelo.com\/es\/blog\/wp-json\/wp\/v2\/comments?post=15941"}],"version-history":[{"count":4,"href":"https:\/\/www.lelo.com\/es\/blog\/wp-json\/wp\/v2\/pages\/15941\/revisions"}],"predecessor-version":[{"id":15945,"href":"https:\/\/www.lelo.com\/es\/blog\/wp-json\/wp\/v2\/pages\/15941\/revisions\/15945"}],"wp:attachment":[{"href":"https:\/\/www.lelo.com\/es\/blog\/wp-json\/wp\/v2\/media?parent=15941"}],"wp:term":[{"taxonomy":"author","embeddable":true,"href":"https:\/\/www.lelo.com\/es\/blog\/wp-json\/wp\/v2\/coauthors?post=15941"}],"curies":[{"name":"wp","href":"https:\/\/api.w.org\/{rel}","templated":true}]}}