{"id":26309,"date":"2021-04-26T08:46:43","date_gmt":"2021-04-26T08:46:43","guid":{"rendered":"https:\/\/dev.lelo.com\/fr\/blog\/?page_id=26309"},"modified":"2025-10-16T15:15:46","modified_gmt":"2025-10-16T15:15:46","slug":"comite-dexperts-scientifiques","status":"publish","type":"page","link":"https:\/\/www.lelo.com\/fr\/blog\/comite-dexperts-scientifiques\/","title":{"rendered":"Comit\u00e9 d&rsquo;Experts Scientifiques"},"content":{"rendered":"<p id=\"drmobile\" style=\"text-align: left;\">Constitu\u00e9 d&rsquo;experts de la sexualit\u00e9 et du couple, notre Comit\u00e9 Scientifique Consultatif a \u00e9t\u00e9 cr\u00e9\u00e9 afin de proposer des informations pr\u00e9cises sur la sant\u00e9 sexuelle, le bien\u00eatre, le couple, ainsi que sur les nombreux bienfaits que peuvent offrir nos produits. \u00c0 partir de leurs champs de comp\u00e9tence propres, chacun de nos sp\u00e9cialistes va pouvoir apporter du contenu nouveau et v\u00e9rifi\u00e9 \u00e0 propos des avanc\u00e9es en la mati\u00e8re. Personnalit\u00e9s de terrain en plus d&rsquo;\u00eatre des experts dans leur domaine, cette \u00e9quipe de choc r\u00e9unie par LELO aura toujours \u00e0 coeur de vous apporter les cl\u00e9s qui vous permettront de mener une vie intime \u00e9panouie et de profiter des plaisirs sexuels qui correspondent \u00e0 vos d\u00e9sirs.<\/p>\n","protected":false},"excerpt":{"rendered":"<p>Constitu\u00e9 d&rsquo;experts de la sexualit\u00e9 et du couple, notre Comit\u00e9 Scientifique Consultatif a \u00e9t\u00e9 cr\u00e9\u00e9 afin de proposer des informations pr\u00e9cises sur la sant\u00e9 sexuelle, le bien\u00eatre, le couple, ainsi que sur les nombreux bienfaits que peuvent offrir nos produits. \u00c0 partir de leurs champs de comp\u00e9tence propres, chacun de nos sp\u00e9cialistes va pouvoir apporter du contenu nouveau et v\u00e9rifi\u00e9 \u00e0 propos des avanc\u00e9es en la mati\u00e8re. Personnalit\u00e9s de terrain en plus d&rsquo;\u00eatre des experts dans leur domaine, cette \u00e9quipe [&hellip;]<\/p>\n","protected":false},"author":76,"featured_media":0,"parent":0,"menu_order":0,"comment_status":"closed","ping_status":"closed","template":"page-meet-the-team-full.php","meta":{"_acf_changed":false,"footnotes":""},"class_list":["post-26309","page","type-page","status-publish","hentry"],"acf":[],"yoast_head":"<!-- This site is optimized with the Yoast SEO plugin v24.8.1 - https:\/\/yoast.com\/wordpress\/plugins\/seo\/ -->\n<title>Comit\u00e9 d&#039;Experts Scientifiques - Le Blog de LELO<\/title>\n<meta name=\"robots\" content=\"index, follow, max-snippet:-1, max-image-preview:large, max-video-preview:-1\" \/>\n<link rel=\"canonical\" href=\"https:\/\/www.lelo.com\/fr\/blog\/comite-dexperts-scientifiques\/\" \/>\n<meta property=\"og:locale\" content=\"fr_FR\" \/>\n<meta property=\"og:type\" content=\"article\" \/>\n<meta property=\"og:title\" content=\"Comit\u00e9 d&#039;Experts Scientifiques - Le Blog de LELO\" \/>\n<meta property=\"og:description\" content=\"Constitu\u00e9 d&rsquo;experts de la sexualit\u00e9 et du couple, notre Comit\u00e9 Scientifique Consultatif a \u00e9t\u00e9 cr\u00e9\u00e9 afin de proposer des informations pr\u00e9cises sur la sant\u00e9 sexuelle, le bien\u00eatre, le couple, ainsi que sur les nombreux bienfaits que peuvent offrir nos produits. \u00c0 partir de leurs champs de comp\u00e9tence propres, chacun de nos sp\u00e9cialistes va pouvoir apporter du contenu nouveau et v\u00e9rifi\u00e9 \u00e0 propos des avanc\u00e9es en la mati\u00e8re. Personnalit\u00e9s de terrain en plus d&rsquo;\u00eatre des experts dans leur domaine, cette \u00e9quipe [&hellip;]\" \/>\n<meta property=\"og:url\" content=\"https:\/\/www.lelo.com\/fr\/blog\/comite-dexperts-scientifiques\/\" \/>\n<meta property=\"og:site_name\" content=\"Le Blog de LELO\" \/>\n<meta property=\"article:publisher\" content=\"https:\/\/www.facebook.com\/LELO.lust.objectified\" \/>\n<meta property=\"article:modified_time\" content=\"2025-10-16T15:15:46+00:00\" \/>\n<meta property=\"og:image\" content=\"https:\/\/www.lelo.com\/fr\/blog\/wp-content\/uploads\/2015\/03\/Volont\u00e9-Le-Plaisir-Selon-LELO.jpg\" \/>\n\t<meta property=\"og:image:width\" content=\"254\" \/>\n\t<meta property=\"og:image:height\" content=\"94\" \/>\n\t<meta property=\"og:image:type\" content=\"image\/jpeg\" \/>\n<meta name=\"twitter:card\" content=\"summary_large_image\" \/>\n<meta name=\"twitter:site\" content=\"@EmaGauthier\" \/>\n<meta name=\"twitter:label1\" content=\"Dur\u00e9e de lecture estim\u00e9e\" \/>\n\t<meta name=\"twitter:data1\" content=\"1 minute\" \/>\n<script type=\"application\/ld+json\" class=\"yoast-schema-graph\">{\"@context\":\"https:\/\/schema.org\",\"@graph\":[{\"@type\":\"WebPage\",\"@id\":\"https:\/\/www.lelo.com\/fr\/blog\/comite-dexperts-scientifiques\/\",\"url\":\"https:\/\/www.lelo.com\/fr\/blog\/comite-dexperts-scientifiques\/\",\"name\":\"Comit\u00e9 d'Experts Scientifiques - Le Blog de LELO\",\"isPartOf\":{\"@id\":\"https:\/\/www.lelo.com\/fr\/blog\/#website\"},\"datePublished\":\"2021-04-26T08:46:43+00:00\",\"dateModified\":\"2025-10-16T15:15:46+00:00\",\"breadcrumb\":{\"@id\":\"https:\/\/www.lelo.com\/fr\/blog\/comite-dexperts-scientifiques\/#breadcrumb\"},\"inLanguage\":\"fr-FR\",\"potentialAction\":[{\"@type\":\"ReadAction\",\"target\":[\"https:\/\/www.lelo.com\/fr\/blog\/comite-dexperts-scientifiques\/\"]}]},{\"@type\":\"BreadcrumbList\",\"@id\":\"https:\/\/www.lelo.com\/fr\/blog\/comite-dexperts-scientifiques\/#breadcrumb\",\"itemListElement\":[{\"@type\":\"ListItem\",\"position\":1,\"name\":\"Accueil\",\"item\":\"https:\/\/www.lelo.com\/fr\/blog\/\"},{\"@type\":\"ListItem\",\"position\":2,\"name\":\"Comit\u00e9 d&rsquo;Experts Scientifiques\"}]},{\"@type\":\"WebSite\",\"@id\":\"https:\/\/www.lelo.com\/fr\/blog\/#website\",\"url\":\"https:\/\/www.lelo.com\/fr\/blog\/\",\"name\":\"Le Blog de LELO\",\"description\":\"\",\"publisher\":{\"@id\":\"https:\/\/www.lelo.com\/fr\/blog\/#organization\"},\"potentialAction\":[{\"@type\":\"SearchAction\",\"target\":{\"@type\":\"EntryPoint\",\"urlTemplate\":\"https:\/\/www.lelo.com\/fr\/blog\/?s={search_term_string}\"},\"query-input\":{\"@type\":\"PropertyValueSpecification\",\"valueRequired\":true,\"valueName\":\"search_term_string\"}}],\"inLanguage\":\"fr-FR\"},{\"@type\":\"Organization\",\"@id\":\"https:\/\/www.lelo.com\/fr\/blog\/#organization\",\"name\":\"LELO - le blog Volont\u00e9\",\"url\":\"https:\/\/www.lelo.com\/fr\/blog\/\",\"logo\":{\"@type\":\"ImageObject\",\"inLanguage\":\"fr-FR\",\"@id\":\"https:\/\/www.lelo.com\/fr\/blog\/#\/schema\/logo\/image\/\",\"url\":\"https:\/\/www.lelo.com\/fr\/blog\/wp-content\/uploads\/2015\/03\/Volont\u00e9.jpg\",\"contentUrl\":\"https:\/\/www.lelo.com\/fr\/blog\/wp-content\/uploads\/2015\/03\/Volont\u00e9.jpg\",\"width\":508,\"height\":188,\"caption\":\"LELO - le blog Volont\u00e9\"},\"image\":{\"@id\":\"https:\/\/www.lelo.com\/fr\/blog\/#\/schema\/logo\/image\/\"},\"sameAs\":[\"https:\/\/www.facebook.com\/LELO.lust.objectified\",\"https:\/\/x.com\/EmaGauthier\",\"https:\/\/www.pinterest.com\/emagauthier\/\"]}]}<\/script>\n<!-- \/ Yoast SEO plugin. -->","yoast_head_json":{"title":"Comit\u00e9 d'Experts Scientifiques - Le Blog de LELO","robots":{"index":"index","follow":"follow","max-snippet":"max-snippet:-1","max-image-preview":"max-image-preview:large","max-video-preview":"max-video-preview:-1"},"canonical":"https:\/\/www.lelo.com\/fr\/blog\/comite-dexperts-scientifiques\/","og_locale":"fr_FR","og_type":"article","og_title":"Comit\u00e9 d'Experts Scientifiques - Le Blog de LELO","og_description":"Constitu\u00e9 d&rsquo;experts de la sexualit\u00e9 et du couple, notre Comit\u00e9 Scientifique Consultatif a \u00e9t\u00e9 cr\u00e9\u00e9 afin de proposer des informations pr\u00e9cises sur la sant\u00e9 sexuelle, le bien\u00eatre, le couple, ainsi que sur les nombreux bienfaits que peuvent offrir nos produits. \u00c0 partir de leurs champs de comp\u00e9tence propres, chacun de nos sp\u00e9cialistes va pouvoir apporter du contenu nouveau et v\u00e9rifi\u00e9 \u00e0 propos des avanc\u00e9es en la mati\u00e8re. Personnalit\u00e9s de terrain en plus d&rsquo;\u00eatre des experts dans leur domaine, cette \u00e9quipe [&hellip;]","og_url":"https:\/\/www.lelo.com\/fr\/blog\/comite-dexperts-scientifiques\/","og_site_name":"Le Blog de LELO","article_publisher":"https:\/\/www.facebook.com\/LELO.lust.objectified","article_modified_time":"2025-10-16T15:15:46+00:00","og_image":[{"width":254,"height":94,"url":"https:\/\/www.lelo.com\/fr\/blog\/wp-content\/uploads\/2015\/03\/Volont\u00e9-Le-Plaisir-Selon-LELO.jpg","type":"image\/jpeg"}],"twitter_card":"summary_large_image","twitter_site":"@EmaGauthier","twitter_misc":{"Dur\u00e9e de lecture estim\u00e9e":"1 minute"},"schema":{"@context":"https:\/\/schema.org","@graph":[{"@type":"WebPage","@id":"https:\/\/www.lelo.com\/fr\/blog\/comite-dexperts-scientifiques\/","url":"https:\/\/www.lelo.com\/fr\/blog\/comite-dexperts-scientifiques\/","name":"Comit\u00e9 d'Experts Scientifiques - Le Blog de LELO","isPartOf":{"@id":"https:\/\/www.lelo.com\/fr\/blog\/#website"},"datePublished":"2021-04-26T08:46:43+00:00","dateModified":"2025-10-16T15:15:46+00:00","breadcrumb":{"@id":"https:\/\/www.lelo.com\/fr\/blog\/comite-dexperts-scientifiques\/#breadcrumb"},"inLanguage":"fr-FR","potentialAction":[{"@type":"ReadAction","target":["https:\/\/www.lelo.com\/fr\/blog\/comite-dexperts-scientifiques\/"]}]},{"@type":"BreadcrumbList","@id":"https:\/\/www.lelo.com\/fr\/blog\/comite-dexperts-scientifiques\/#breadcrumb","itemListElement":[{"@type":"ListItem","position":1,"name":"Accueil","item":"https:\/\/www.lelo.com\/fr\/blog\/"},{"@type":"ListItem","position":2,"name":"Comit\u00e9 d&rsquo;Experts Scientifiques"}]},{"@type":"WebSite","@id":"https:\/\/www.lelo.com\/fr\/blog\/#website","url":"https:\/\/www.lelo.com\/fr\/blog\/","name":"Le Blog de LELO","description":"","publisher":{"@id":"https:\/\/www.lelo.com\/fr\/blog\/#organization"},"potentialAction":[{"@type":"SearchAction","target":{"@type":"EntryPoint","urlTemplate":"https:\/\/www.lelo.com\/fr\/blog\/?s={search_term_string}"},"query-input":{"@type":"PropertyValueSpecification","valueRequired":true,"valueName":"search_term_string"}}],"inLanguage":"fr-FR"},{"@type":"Organization","@id":"https:\/\/www.lelo.com\/fr\/blog\/#organization","name":"LELO - le blog Volont\u00e9","url":"https:\/\/www.lelo.com\/fr\/blog\/","logo":{"@type":"ImageObject","inLanguage":"fr-FR","@id":"https:\/\/www.lelo.com\/fr\/blog\/#\/schema\/logo\/image\/","url":"https:\/\/www.lelo.com\/fr\/blog\/wp-content\/uploads\/2015\/03\/Volont\u00e9.jpg","contentUrl":"https:\/\/www.lelo.com\/fr\/blog\/wp-content\/uploads\/2015\/03\/Volont\u00e9.jpg","width":508,"height":188,"caption":"LELO - le blog Volont\u00e9"},"image":{"@id":"https:\/\/www.lelo.com\/fr\/blog\/#\/schema\/logo\/image\/"},"sameAs":["https:\/\/www.facebook.com\/LELO.lust.objectified","https:\/\/x.com\/EmaGauthier","https:\/\/www.pinterest.com\/emagauthier\/"]}]}},"_links":{"self":[{"href":"https:\/\/www.lelo.com\/fr\/blog\/wp-json\/wp\/v2\/pages\/26309","targetHints":{"allow":["GET"]}}],"collection":[{"href":"https:\/\/www.lelo.com\/fr\/blog\/wp-json\/wp\/v2\/pages"}],"about":[{"href":"https:\/\/www.lelo.com\/fr\/blog\/wp-json\/wp\/v2\/types\/page"}],"author":[{"embeddable":true,"href":"https:\/\/www.lelo.com\/fr\/blog\/wp-json\/wp\/v2\/users\/76"}],"replies":[{"embeddable":true,"href":"https:\/\/www.lelo.com\/fr\/blog\/wp-json\/wp\/v2\/comments?post=26309"}],"version-history":[{"count":13,"href":"https:\/\/www.lelo.com\/fr\/blog\/wp-json\/wp\/v2\/pages\/26309\/revisions"}],"predecessor-version":[{"id":27551,"href":"https:\/\/www.lelo.com\/fr\/blog\/wp-json\/wp\/v2\/pages\/26309\/revisions\/27551"}],"wp:attachment":[{"href":"https:\/\/www.lelo.com\/fr\/blog\/wp-json\/wp\/v2\/media?parent=26309"}],"curies":[{"name":"wp","href":"https:\/\/api.w.org\/{rel}","templated":true}]}}