{"id":18247,"date":"2022-06-14T09:00:45","date_gmt":"2022-06-14T09:00:45","guid":{"rendered":"https:\/\/dev.lelo.com\/it\/blog\/?page_id=18247"},"modified":"2024-06-25T05:16:23","modified_gmt":"2024-06-25T05:16:23","slug":"homepage-new","status":"publish","type":"page","link":"https:\/\/www.lelo.com\/it\/blog\/","title":{"rendered":"Homepage new"},"content":{"rendered":"","protected":false},"excerpt":{"rendered":"","protected":false},"author":5,"featured_media":0,"parent":0,"menu_order":0,"comment_status":"closed","ping_status":"closed","template":"page-15zine-builder.php","meta":{"_acf_changed":false,"footnotes":""},"coauthors":[1512],"class_list":["post-18247","page","type-page","status-publish","hentry"],"acf":[],"yoast_head":"<!-- This site is optimized with the Yoast SEO plugin v26.8 - https:\/\/yoast.com\/product\/yoast-seo-wordpress\/ -->\n<title>Volont\u00e9 - Il pi\u00f9 grande blog dedicato a benessere e intimit\u00e0<\/title>\n<meta name=\"description\" content=\"Uno spazio sicuro in cui parliamo di sesso, amore, relazioni, masturbazione, sex toys, e raccontiamo storie erotiche raffinate e originali.\" \/>\n<meta name=\"robots\" content=\"index, follow, max-snippet:-1, max-image-preview:large, max-video-preview:-1\" \/>\n<link rel=\"canonical\" href=\"https:\/\/www.lelo.com\/it\/blog\/\" \/>\n<meta property=\"og:locale\" content=\"it_IT\" \/>\n<meta property=\"og:type\" content=\"article\" \/>\n<meta property=\"og:title\" content=\"Volont\u00e9 - Il pi\u00f9 grande blog dedicato a benessere e intimit\u00e0\" \/>\n<meta property=\"og:description\" content=\"Uno spazio sicuro in cui parliamo di sesso, amore, relazioni, masturbazione, sex toys, e raccontiamo storie erotiche raffinate e originali.\" \/>\n<meta property=\"og:url\" content=\"https:\/\/www.lelo.com\/it\/blog\/\" \/>\n<meta property=\"og:site_name\" content=\"Volont\u00e9\" \/>\n<meta property=\"article:publisher\" content=\"https:\/\/www.facebook.com\/LELO.lust.objectified\" \/>\n<meta property=\"article:modified_time\" content=\"2024-06-25T05:16:23+00:00\" \/>\n<meta name=\"twitter:card\" content=\"summary_large_image\" \/>\n<meta name=\"twitter:site\" content=\"@Lelo_Official\" \/>\n<meta name=\"twitter:label1\" content=\"Scritto da\" \/>\n\t<meta name=\"twitter:data1\" content=\"Valentina Grandi\" \/>\n<script type=\"application\/ld+json\" class=\"yoast-schema-graph\">{\"@context\":\"https:\/\/schema.org\",\"@graph\":[{\"@type\":\"WebPage\",\"@id\":\"https:\/\/www.lelo.com\/it\/blog\/\",\"url\":\"https:\/\/www.lelo.com\/it\/blog\/\",\"name\":\"Volont\u00e9 - Il pi\u00f9 grande blog dedicato a benessere e intimit\u00e0\",\"isPartOf\":{\"@id\":\"https:\/\/www.lelo.com\/it\/blog\/#website\"},\"datePublished\":\"2022-06-14T09:00:45+00:00\",\"dateModified\":\"2024-06-25T05:16:23+00:00\",\"description\":\"Uno spazio sicuro in cui parliamo di sesso, amore, relazioni, masturbazione, sex toys, e raccontiamo storie erotiche raffinate e originali.\",\"inLanguage\":\"it-IT\",\"potentialAction\":[{\"@type\":\"ReadAction\",\"target\":[\"https:\/\/www.lelo.com\/it\/blog\/\"]}]},{\"@type\":\"WebSite\",\"@id\":\"https:\/\/www.lelo.com\/it\/blog\/#website\",\"url\":\"https:\/\/www.lelo.com\/it\/blog\/\",\"name\":\"Volont\u00e9\",\"description\":\"Il Piacere Secondo LELO\",\"potentialAction\":[{\"@type\":\"SearchAction\",\"target\":{\"@type\":\"EntryPoint\",\"urlTemplate\":\"https:\/\/www.lelo.com\/it\/blog\/?s={search_term_string}\"},\"query-input\":{\"@type\":\"PropertyValueSpecification\",\"valueRequired\":true,\"valueName\":\"search_term_string\"}}],\"inLanguage\":\"it-IT\"}]}<\/script>\n<!-- \/ Yoast SEO plugin. -->","yoast_head_json":{"title":"Volont\u00e9 - Il pi\u00f9 grande blog dedicato a benessere e intimit\u00e0","description":"Uno spazio sicuro in cui parliamo di sesso, amore, relazioni, masturbazione, sex toys, e raccontiamo storie erotiche raffinate e originali.","robots":{"index":"index","follow":"follow","max-snippet":"max-snippet:-1","max-image-preview":"max-image-preview:large","max-video-preview":"max-video-preview:-1"},"canonical":"https:\/\/www.lelo.com\/it\/blog\/","og_locale":"it_IT","og_type":"article","og_title":"Volont\u00e9 - Il pi\u00f9 grande blog dedicato a benessere e intimit\u00e0","og_description":"Uno spazio sicuro in cui parliamo di sesso, amore, relazioni, masturbazione, sex toys, e raccontiamo storie erotiche raffinate e originali.","og_url":"https:\/\/www.lelo.com\/it\/blog\/","og_site_name":"Volont\u00e9","article_publisher":"https:\/\/www.facebook.com\/LELO.lust.objectified","article_modified_time":"2024-06-25T05:16:23+00:00","twitter_card":"summary_large_image","twitter_site":"@Lelo_Official","twitter_misc":{"Scritto da":"Valentina Grandi"},"schema":{"@context":"https:\/\/schema.org","@graph":[{"@type":"WebPage","@id":"https:\/\/www.lelo.com\/it\/blog\/","url":"https:\/\/www.lelo.com\/it\/blog\/","name":"Volont\u00e9 - Il pi\u00f9 grande blog dedicato a benessere e intimit\u00e0","isPartOf":{"@id":"https:\/\/www.lelo.com\/it\/blog\/#website"},"datePublished":"2022-06-14T09:00:45+00:00","dateModified":"2024-06-25T05:16:23+00:00","description":"Uno spazio sicuro in cui parliamo di sesso, amore, relazioni, masturbazione, sex toys, e raccontiamo storie erotiche raffinate e originali.","inLanguage":"it-IT","potentialAction":[{"@type":"ReadAction","target":["https:\/\/www.lelo.com\/it\/blog\/"]}]},{"@type":"WebSite","@id":"https:\/\/www.lelo.com\/it\/blog\/#website","url":"https:\/\/www.lelo.com\/it\/blog\/","name":"Volont\u00e9","description":"Il Piacere Secondo LELO","potentialAction":[{"@type":"SearchAction","target":{"@type":"EntryPoint","urlTemplate":"https:\/\/www.lelo.com\/it\/blog\/?s={search_term_string}"},"query-input":{"@type":"PropertyValueSpecification","valueRequired":true,"valueName":"search_term_string"}}],"inLanguage":"it-IT"}]}},"_links":{"self":[{"href":"https:\/\/www.lelo.com\/it\/blog\/wp-json\/wp\/v2\/pages\/18247","targetHints":{"allow":["GET"]}}],"collection":[{"href":"https:\/\/www.lelo.com\/it\/blog\/wp-json\/wp\/v2\/pages"}],"about":[{"href":"https:\/\/www.lelo.com\/it\/blog\/wp-json\/wp\/v2\/types\/page"}],"author":[{"embeddable":true,"href":"https:\/\/www.lelo.com\/it\/blog\/wp-json\/wp\/v2\/users\/5"}],"replies":[{"embeddable":true,"href":"https:\/\/www.lelo.com\/it\/blog\/wp-json\/wp\/v2\/comments?post=18247"}],"version-history":[{"count":2,"href":"https:\/\/www.lelo.com\/it\/blog\/wp-json\/wp\/v2\/pages\/18247\/revisions"}],"predecessor-version":[{"id":18570,"href":"https:\/\/www.lelo.com\/it\/blog\/wp-json\/wp\/v2\/pages\/18247\/revisions\/18570"}],"wp:attachment":[{"href":"https:\/\/www.lelo.com\/it\/blog\/wp-json\/wp\/v2\/media?parent=18247"}],"wp:term":[{"taxonomy":"author","embeddable":true,"href":"https:\/\/www.lelo.com\/it\/blog\/wp-json\/wp\/v2\/coauthors?post=18247"}],"curies":[{"name":"wp","href":"https:\/\/api.w.org\/{rel}","templated":true}]}}